{"id":357,"date":"2021-09-14T09:18:26","date_gmt":"2021-09-14T07:18:26","guid":{"rendered":"http:\/\/expect.home.pl\/autoinstalator\/wordpresswoocommerce\/?post_type=product&#038;p=357"},"modified":"2022-09-13T11:14:34","modified_gmt":"2022-09-13T09:14:34","slug":"naszyjnik-srebrny-z-serduszkiem-kalimo-ns-001","status":"publish","type":"product","link":"https:\/\/kalimo.eu\/?product=naszyjnik-srebrny-z-serduszkiem-kalimo-ns-001","title":{"rendered":"Naszyjnik srebrny rodowany z serduszkiem &#8211; Kalimo NS-001"},"content":{"rendered":"<div class=\"product-tabs\">\n<div class=\"product-tab\" data-tab=\"box_description\">\n<div class=\"innerbox\">\n<div class=\"resetcss\">\n<p><strong>Naszyjnik srebrny rodowany z serduszkiem.\u00a0<\/strong><\/p>\n<p><strong>Materia\u0142:<\/strong> Srebro rodowane<\/p>\n<p><strong>Pr\u00f3ba:<\/strong>\u00a00,925<\/p>\n<p><strong>D\u0142ugo\u015b\u0107:<\/strong> 43 cm + wyd\u0142u\u017cenie 5 cm<\/p>\n<p><strong>Waga ca\u0142o\u015bci:<\/strong> 2,1 g<\/p>\n<p><strong>Waga srebra:<\/strong> 2,1 g<\/p>\n<p><strong>Wielko\u015b\u0107 elementu ozdobnego:<\/strong>\u00a0 Serce: 1,5 cm x\u00a0 1,5 cm<\/p>\n<p><strong>Zapi\u0119cie:<\/strong>\u00a0federing<\/p>\n<p>Rodowanie srebra zapobiega jego utlenianiu (srebro nie ciemnieje z czasem), zapewnia ochron\u0119 mechaniczn\u0105 przed rysami oraz dodaje jeszcze wi\u0119kszego po\u0142ysku.<\/p>\n<\/div>\n<\/div>\n<\/div>\n<\/div>\n","protected":false},"excerpt":{"rendered":"<div class=\"product-tabs\">\n<div class=\"product-tab\" data-tab=\"box_description\">\n<div class=\"innerbox\">\n<div class=\"resetcss\">\n<p><strong>Naszyjnik srebrny rodowany z serduszkiem.\u00a0<\/strong><\/p>\n<p><strong>Materia\u0142:<\/strong> Srebro rodowane<\/p>\n<p><strong>Pr\u00f3ba:<\/strong>\u00a00,925<\/p>\n<p><strong>D\u0142ugo\u015b\u0107:<\/strong> 43 cm + wyd\u0142u\u017cenie 5 cm<\/p>\n<p><strong>Waga ca\u0142o\u015bci:<\/strong> 2,1 g<\/p>\n<p><strong>Waga srebra:<\/strong> 2,1 g<\/p>\n<p><strong>Wielko\u015b\u0107 elementu ozdobnego:<\/strong>\u00a0 Serce: 1,5 cm x\u00a0 1,5 cm<\/p>\n<p><strong>Zapi\u0119cie:<\/strong>\u00a0federing<\/p>\n<p>Rodowanie srebra zapobiega jego utlenianiu (srebro nie ciemnieje z czasem), zapewnia ochron\u0119 mechaniczn\u0105 przed rysami oraz dodaje jeszcze wi\u0119kszego po\u0142ysku.<\/p>\n<\/div>\n<\/div>\n<\/div>\n<\/div>\n","protected":false},"featured_media":1679,"comment_status":"open","ping_status":"closed","template":"","meta":[],"product_cat":[26],"product_tag":[],"class_list":{"0":"post-357","1":"product","2":"type-product","3":"status-publish","4":"has-post-thumbnail","6":"product_cat-naszyjniki","8":"first","9":"instock","10":"shipping-taxable","11":"purchasable","12":"product-type-simple"},"_links":{"self":[{"href":"https:\/\/kalimo.eu\/index.php?rest_route=\/wp\/v2\/product\/357","targetHints":{"allow":["GET"]}}],"collection":[{"href":"https:\/\/kalimo.eu\/index.php?rest_route=\/wp\/v2\/product"}],"about":[{"href":"https:\/\/kalimo.eu\/index.php?rest_route=\/wp\/v2\/types\/product"}],"replies":[{"embeddable":true,"href":"https:\/\/kalimo.eu\/index.php?rest_route=%2Fwp%2Fv2%2Fcomments&post=357"}],"wp:featuredmedia":[{"embeddable":true,"href":"https:\/\/kalimo.eu\/index.php?rest_route=\/wp\/v2\/media\/1679"}],"wp:attachment":[{"href":"https:\/\/kalimo.eu\/index.php?rest_route=%2Fwp%2Fv2%2Fmedia&parent=357"}],"wp:term":[{"taxonomy":"product_cat","embeddable":true,"href":"https:\/\/kalimo.eu\/index.php?rest_route=%2Fwp%2Fv2%2Fproduct_cat&post=357"},{"taxonomy":"product_tag","embeddable":true,"href":"https:\/\/kalimo.eu\/index.php?rest_route=%2Fwp%2Fv2%2Fproduct_tag&post=357"}],"curies":[{"name":"wp","href":"https:\/\/api.w.org\/{rel}","templated":true}]}}