{"id":374,"date":"2021-09-14T12:24:01","date_gmt":"2021-09-14T10:24:01","guid":{"rendered":"http:\/\/expect.home.pl\/autoinstalator\/wordpresswoocommerce\/?post_type=product&#038;p=374"},"modified":"2022-09-07T13:08:53","modified_gmt":"2022-09-07T11:08:53","slug":"bransoletka-srebrna-pozlacana-globe-kalimo-bsp-004","status":"publish","type":"product","link":"https:\/\/kalimo.eu\/?product=bransoletka-srebrna-pozlacana-globe-kalimo-bsp-004","title":{"rendered":"Bransoletka srebrna poz\u0142acana Globe &#8211; Kalimo BSP-004"},"content":{"rendered":"<div class=\"product-tab\" data-tab=\"box_description\">\n<div class=\"innerbox\">\n<div class=\"resetcss\">\n<p><strong>Bransoletka pokryta w ca\u0142o\u015bci 24-karatowym z\u0142otem z zawieszk\u0105 w kszta\u0142cie globu.<br \/>\n<\/strong><\/p>\n<p><strong>Materia\u0142:\u00a0<\/strong>Srebro pr. 925, powlekane 24-karatowym z\u0142otem<\/p>\n<p><strong>Pr\u00f3ba:<\/strong>\u00a00,925<\/p>\n<p><strong>D\u0142ugo\u015b\u0107:<\/strong>\u00a015 cm + wyd\u0142u\u017cenie 3 cm<\/p>\n<p><strong>Waga ca\u0142o\u015bci:<\/strong> 1,3 g<\/p>\n<p><strong>Waga srebra:<\/strong> 1,3 g<\/p>\n<p><strong>Wielko\u015b\u0107 elementu ozdobnego:<\/strong> \u015brednica planety 1,4 cm<\/p>\n<p><strong>Zapi\u0119cie:<\/strong>\u00a0federing<\/p>\n<\/div>\n<\/div>\n<\/div>\n","protected":false},"excerpt":{"rendered":"<div class=\"product-tab\" data-tab=\"box_description\">\n<div class=\"innerbox\">\n<div class=\"resetcss\">\n<p><strong>Bransoletka pokryta w ca\u0142o\u015bci 24-karatowym z\u0142otem z zawieszk\u0105 w kszta\u0142cie globu.<br \/>\n<\/strong><\/p>\n<p><strong>Materia\u0142:\u00a0<\/strong>Srebro pr. 925, powlekane 24-karatowym z\u0142otem<\/p>\n<p><strong>Pr\u00f3ba:<\/strong>\u00a00,925<\/p>\n<p><strong>D\u0142ugo\u015b\u0107:<\/strong>\u00a015 cm + wyd\u0142u\u017cenie 3 cm<\/p>\n<p><strong>Waga ca\u0142o\u015bci:<\/strong> 1,3 g<\/p>\n<p><strong>Waga srebra:<\/strong> 1,3 g<\/p>\n<p><strong>Wielko\u015b\u0107 elementu ozdobnego:<\/strong> \u015brednica planety 1,4 cm<\/p>\n<p><strong>Zapi\u0119cie:<\/strong>\u00a0federing<\/p>\n<\/div>\n<\/div>\n<\/div>\n","protected":false},"featured_media":1605,"comment_status":"open","ping_status":"closed","template":"","meta":[],"product_cat":[27],"product_tag":[],"class_list":{"0":"post-374","1":"product","2":"type-product","3":"status-publish","4":"has-post-thumbnail","6":"product_cat-bransoletki","8":"first","9":"instock","10":"shipping-taxable","11":"purchasable","12":"product-type-simple"},"_links":{"self":[{"href":"https:\/\/kalimo.eu\/index.php?rest_route=\/wp\/v2\/product\/374","targetHints":{"allow":["GET"]}}],"collection":[{"href":"https:\/\/kalimo.eu\/index.php?rest_route=\/wp\/v2\/product"}],"about":[{"href":"https:\/\/kalimo.eu\/index.php?rest_route=\/wp\/v2\/types\/product"}],"replies":[{"embeddable":true,"href":"https:\/\/kalimo.eu\/index.php?rest_route=%2Fwp%2Fv2%2Fcomments&post=374"}],"wp:featuredmedia":[{"embeddable":true,"href":"https:\/\/kalimo.eu\/index.php?rest_route=\/wp\/v2\/media\/1605"}],"wp:attachment":[{"href":"https:\/\/kalimo.eu\/index.php?rest_route=%2Fwp%2Fv2%2Fmedia&parent=374"}],"wp:term":[{"taxonomy":"product_cat","embeddable":true,"href":"https:\/\/kalimo.eu\/index.php?rest_route=%2Fwp%2Fv2%2Fproduct_cat&post=374"},{"taxonomy":"product_tag","embeddable":true,"href":"https:\/\/kalimo.eu\/index.php?rest_route=%2Fwp%2Fv2%2Fproduct_tag&post=374"}],"curies":[{"name":"wp","href":"https:\/\/api.w.org\/{rel}","templated":true}]}}