{"id":379,"date":"2021-09-14T12:51:54","date_gmt":"2021-09-14T10:51:54","guid":{"rendered":"http:\/\/expect.home.pl\/autoinstalator\/wordpresswoocommerce\/?post_type=product&#038;p=379"},"modified":"2023-01-26T14:33:28","modified_gmt":"2023-01-26T13:33:28","slug":"naszyjnik-srebrny-rodowany-tytanowa-pelnia-kalimo-ns-002","status":"publish","type":"product","link":"https:\/\/kalimo.eu\/?product=naszyjnik-srebrny-rodowany-tytanowa-pelnia-kalimo-ns-002","title":{"rendered":"Naszyjnik srebrny rodowany z tytanem &#8211; titanium sunset &#8211; Kalimo NS-002"},"content":{"rendered":"<div class=\"product-tabs\">\n<div class=\"product-tab\" data-tab=\"box_description\">\n<div class=\"innerbox\">\n<div class=\"resetcss\">\n<p><strong>Naszyjnik z rodowanego srebra z r\u0119cznie wybarwianym tytanem \u2013 titanium sunset.<\/strong><\/p>\n<p><strong>Pr\u00f3ba:<\/strong>\u00a00,925<\/p>\n<p><strong>D\u0142ugo\u015b\u0107:<\/strong>\u00a040 cm + wyd\u0142u\u017cenie 5 cm<\/p>\n<p><strong>Waga ca\u0142o\u015bci:<\/strong> 3,2 g<\/p>\n<p><strong>Waga srebra:<\/strong> 2,5 g<\/p>\n<p><strong>Wielko\u015b\u0107 elementu ozdobnego:<\/strong>\u00a0\u015brednica 2 cm<\/p>\n<p><strong>Rodzaj zapi\u0119cia:<\/strong>\u00a0federing<\/p>\n<\/div>\n<\/div>\n<\/div>\n<\/div>\n","protected":false},"excerpt":{"rendered":"<div class=\"product-tabs\">\n<div class=\"product-tab\" data-tab=\"box_description\">\n<div class=\"innerbox\">\n<div class=\"resetcss\">\n<p><strong>Naszyjnik z rodowanego srebra z r\u0119cznie wybarwianym tytanem \u2013 titanium sunset.<\/strong><\/p>\n<p><strong>Pr\u00f3ba:<\/strong>\u00a00,925<\/p>\n<p><strong>D\u0142ugo\u015b\u0107:<\/strong>\u00a040 cm + wyd\u0142u\u017cenie 5 cm<\/p>\n<p><strong>Waga ca\u0142o\u015bci:<\/strong> 3,2 g<\/p>\n<p><strong>Waga srebra:<\/strong> 2,5 g<\/p>\n<p><strong>Wielko\u015b\u0107 elementu ozdobnego:<\/strong>\u00a0\u015brednica 2 cm<\/p>\n<p><strong>Rodzaj zapi\u0119cia:<\/strong>\u00a0federing<\/p>\n<\/div>\n<\/div>\n<\/div>\n<\/div>\n","protected":false},"featured_media":1683,"comment_status":"open","ping_status":"closed","template":"","meta":[],"product_cat":[26],"product_tag":[],"class_list":{"0":"post-379","1":"product","2":"type-product","3":"status-publish","4":"has-post-thumbnail","6":"product_cat-naszyjniki","8":"first","9":"outofstock","10":"shipping-taxable","11":"purchasable","12":"product-type-simple"},"_links":{"self":[{"href":"https:\/\/kalimo.eu\/index.php?rest_route=\/wp\/v2\/product\/379","targetHints":{"allow":["GET"]}}],"collection":[{"href":"https:\/\/kalimo.eu\/index.php?rest_route=\/wp\/v2\/product"}],"about":[{"href":"https:\/\/kalimo.eu\/index.php?rest_route=\/wp\/v2\/types\/product"}],"replies":[{"embeddable":true,"href":"https:\/\/kalimo.eu\/index.php?rest_route=%2Fwp%2Fv2%2Fcomments&post=379"}],"wp:featuredmedia":[{"embeddable":true,"href":"https:\/\/kalimo.eu\/index.php?rest_route=\/wp\/v2\/media\/1683"}],"wp:attachment":[{"href":"https:\/\/kalimo.eu\/index.php?rest_route=%2Fwp%2Fv2%2Fmedia&parent=379"}],"wp:term":[{"taxonomy":"product_cat","embeddable":true,"href":"https:\/\/kalimo.eu\/index.php?rest_route=%2Fwp%2Fv2%2Fproduct_cat&post=379"},{"taxonomy":"product_tag","embeddable":true,"href":"https:\/\/kalimo.eu\/index.php?rest_route=%2Fwp%2Fv2%2Fproduct_tag&post=379"}],"curies":[{"name":"wp","href":"https:\/\/api.w.org\/{rel}","templated":true}]}}