{"id":3961,"date":"2021-11-14T11:10:01","date_gmt":"2021-11-14T10:10:01","guid":{"rendered":"http:\/\/kalimo.eu\/?post_type=product&#038;p=3961"},"modified":"2022-01-14T08:52:13","modified_gmt":"2022-01-14T07:52:13","slug":"komplet-aleksandria-dzianinakolory","status":"publish","type":"product","link":"https:\/\/kalimo.eu\/?product=komplet-aleksandria-dzianinakolory","title":{"rendered":"KOMPLET ALEKSANDRIA (dzianina)+kolory"},"content":{"rendered":"<p>Z pozoru prosty komplet Aleksandria jest w istocie nies\u0142ychanie zmys\u0142ow\u0105 i zalotn\u0105 propozycj\u0105.<\/p>\n<p>Jednolity d\u00f3\u0142 koszulki mi\u0119kko opina kobiece cia\u0142o, podczas gdy efektowna g\u00f3ra z podw\u00f3jnej warstwy tiulu wyra\u017anie podkre\u015bli biust, tworz\u0105c naturalny efekt push-up.<\/p>\n<p>Dekolt w tym komplecie, cho\u0107 z pozoru prosty, jest dopracowany w ka\u017cdym detalu, po czym ka\u017cdy koneser dobrego stylu pozna markow\u0105 bielizn\u0119 Kalimo. Podw\u00f3jna siateczka na biu\u015bcie nie odkryje od razu wszystkiego, a fale materia\u0142u u\u0142o\u017c\u0105 si\u0119 promieni\u015bcie dla podkre\u015blenia kr\u0105g\u0142o\u015bci kobiecych piersi. Obcis\u0142a bluzeczka dochodz\u0105c do biustu wcina si\u0119 klinem, tworz\u0105c idealn\u0105, kr\u0105g\u0142\u0105 lini\u0119 odci\u0119cia.<\/p>\n<p>Regulowane naramki zdobione s\u0105 ma\u0142ymi kokieteryjnymi kokardeczkami. W \u015blicznym opakowaniu znajdziesz r\u00f3wnie\u017c dopasowane, komfortowe szorty, kt\u00f3re wraz z koszulk\u0105 stanowi\u0105 harmonijn\u0105 ca\u0142o\u015b\u0107.<\/p>\n<p>\u00a0<br \/>\n<strong>Styl:<\/strong><\/p>\n<p>komfortowy, dopasowany do odpowiednich partii cia\u0142a<br \/>\nzapewniaj\u0105cy wysok\u0105 swobod\u0119 noszenia<br \/>\nzapewniaj\u0105cy elastyczno\u015b\u0107 materia\u0142u w odpowiednich kierunkach<br \/>\nca\u0142kowita d\u0142ugo\u015b\u0107 koszulki mierzona po szwie bocznym: 45cm<br \/>\nca\u0142kowita d\u0142ugo\u015b\u0107 szort\u00f3w mierzona po szwie bocznym: 23,5cm<\/p>\n<p><strong>Materia\u0142:<\/strong><\/p>\n<p>mi\u0119kka, elastyczna dzianina<br \/>\nodpowiednie dopasowanie<br \/>\nlekko\u015b\u0107, przewiewno\u015b\u0107<\/p>\n<p><strong>Dodatkowe cechy produktu:<\/strong><\/p>\n<p>ozdobna, male\u0144kie kokardki na naramkach<br \/>\nregulowane naramki<br \/>\nbielizna pakowana w \u015bliczne, du\u017ce opakowanie (idealne na prezent)<br \/>\nsk\u0142ad materia\u0142u: 95% wiskoza, 5% elastan.<\/p>\n","protected":false},"excerpt":{"rendered":"<p>Z pozoru prosty komplet Aleksandria jest w istocie nies\u0142ychanie zmys\u0142ow\u0105 i zalotn\u0105 propozycj\u0105.<\/p>\n<p>Jednolity d\u00f3\u0142 koszulki mi\u0119kko opina kobiece cia\u0142o, podczas gdy efektowna g\u00f3ra z podw\u00f3jnej warstwy tiulu wyra\u017anie podkre\u015bli biust, tworz\u0105c naturalny efekt push-up.<\/p>\n<p>Dekolt w tym komplecie, cho\u0107 z pozoru prosty, jest dopracowany w ka\u017cdym detalu, po czym ka\u017cdy koneser dobrego stylu pozna markow\u0105 bielizn\u0119 Kalimo. Podw\u00f3jna siateczka na biu\u015bcie nie odkryje od razu wszystkiego, a fale materia\u0142u u\u0142o\u017c\u0105 si\u0119 promieni\u015bcie dla podkre\u015blenia kr\u0105g\u0142o\u015bci kobiecych piersi. Obcis\u0142a bluzeczka dochodz\u0105c do biustu wcina si\u0119 klinem, tworz\u0105c idealn\u0105, kr\u0105g\u0142\u0105 lini\u0119 odci\u0119cia.<\/p>\n<p>Regulowane naramki zdobione s\u0105 ma\u0142ymi kokieteryjnymi kokardeczkami. W \u015blicznym opakowaniu znajdziesz r\u00f3wnie\u017c dopasowane, komfortowe szorty, kt\u00f3re wraz z koszulk\u0105 stanowi\u0105 harmonijn\u0105 ca\u0142o\u015b\u0107.<\/p>\n","protected":false},"featured_media":2571,"comment_status":"open","ping_status":"closed","template":"","meta":[],"product_cat":[17],"product_tag":[],"class_list":{"0":"post-3961","1":"product","2":"type-product","3":"status-publish","4":"has-post-thumbnail","6":"product_cat-komplety","8":"first","9":"instock","10":"shipping-taxable","11":"purchasable","12":"product-type-variable","13":"has-default-attributes"},"_links":{"self":[{"href":"https:\/\/kalimo.eu\/index.php?rest_route=\/wp\/v2\/product\/3961","targetHints":{"allow":["GET"]}}],"collection":[{"href":"https:\/\/kalimo.eu\/index.php?rest_route=\/wp\/v2\/product"}],"about":[{"href":"https:\/\/kalimo.eu\/index.php?rest_route=\/wp\/v2\/types\/product"}],"replies":[{"embeddable":true,"href":"https:\/\/kalimo.eu\/index.php?rest_route=%2Fwp%2Fv2%2Fcomments&post=3961"}],"wp:featuredmedia":[{"embeddable":true,"href":"https:\/\/kalimo.eu\/index.php?rest_route=\/wp\/v2\/media\/2571"}],"wp:attachment":[{"href":"https:\/\/kalimo.eu\/index.php?rest_route=%2Fwp%2Fv2%2Fmedia&parent=3961"}],"wp:term":[{"taxonomy":"product_cat","embeddable":true,"href":"https:\/\/kalimo.eu\/index.php?rest_route=%2Fwp%2Fv2%2Fproduct_cat&post=3961"},{"taxonomy":"product_tag","embeddable":true,"href":"https:\/\/kalimo.eu\/index.php?rest_route=%2Fwp%2Fv2%2Fproduct_tag&post=3961"}],"curies":[{"name":"wp","href":"https:\/\/api.w.org\/{rel}","templated":true}]}}