{"id":3997,"date":"2021-11-14T13:52:46","date_gmt":"2021-11-14T12:52:46","guid":{"rendered":"http:\/\/kalimo.eu\/?post_type=product&#038;p=3997"},"modified":"2022-01-14T08:53:34","modified_gmt":"2022-01-14T07:53:34","slug":"komplet-casablanca-dzianinakolory","status":"publish","type":"product","link":"https:\/\/kalimo.eu\/?product=komplet-casablanca-dzianinakolory","title":{"rendered":"KOMPLET CASABLANCA (dzianina)+kolory"},"content":{"rendered":"<p>Komplet Casablanca to niesamowicie zmys\u0142owa i oryginalna kobieca propozycja marki Kalimo.\u00a0<\/p>\n<p>Ten niebanalny komplet sk\u0142ada si\u0119 z dw\u00f3ch cz\u0119\u015bci: topu, w kt\u00f3rym powabna koronka wychodz\u0105c z linii piersi p\u0142ynnie przechodzi w naramki oraz szort\u00f3w, tworz\u0105cych idealn\u0105 kompozycj\u0119 z koszulk\u0105.<\/p>\n<p>Lekko rozkloszowany fason topu oraz jego odpowiednia d\u0142ugo\u015b\u0107 gwarantuj\u0105 swobod\u0119 i komfort u\u017cytkowania.<\/p>\n<p>Wyrafinowana Casablanca zas\u0142uguje na miano niezwykle gustownej, wieczorowej propozycji.\u00a0<\/p>\n<p>\u00a0<br \/>\n<strong>Styl:<\/strong><\/p>\n<p>komfortowy, dopasowany do odpowiednich partii cia\u0142a<br \/>\nzapewniaj\u0105cy wysok\u0105 swobod\u0119 noszenia<br \/>\nzapewniaj\u0105cy elastyczno\u015b\u0107 materia\u0142u w odpowiednich kierunkach<br \/>\nca\u0142kowita d\u0142ugo\u015b\u0107 koszulki mierzona po szwie bocznym: 45cm<br \/>\nca\u0142kowita d\u0142ugo\u015b\u0107 szort\u00f3w mierzona po szwie bocznym: 16cm<\/p>\n<p><strong>Materia\u0142:<\/strong><\/p>\n<p>mi\u0119kka, elastyczna dzianina<br \/>\nodpowiednie dopasowanie<br \/>\nwysokogatunkowa koronka<br \/>\nlekko\u015b\u0107, przewiewno\u015b\u0107<\/p>\n<p><strong>Dodatkowe cechy produktu:<\/strong><\/p>\n<p>ozdobne detale na naramkach<br \/>\nregulowane naramki<br \/>\nbielizna pakowana w \u015bliczne, du\u017ce opakowanie (idealne na prezent)<br \/>\nsk\u0142ad materia\u0142u: 95% wiskoza, 5% elastan.<\/p>\n","protected":false},"excerpt":{"rendered":"<p>Komplet Casablanca to niesamowicie zmys\u0142owa i oryginalna kobieca propozycja marki Kalimo.\u00a0<\/p>\n<p>Ten niebanalny komplet sk\u0142ada si\u0119 z dw\u00f3ch cz\u0119\u015bci: topu, w kt\u00f3rym powabna koronka wychodz\u0105c z linii piersi p\u0142ynnie przechodzi w naramki oraz szort\u00f3w, tworz\u0105cych idealn\u0105 kompozycj\u0119 z koszulk\u0105.<\/p>\n<p>Lekko rozkloszowany fason topu oraz jego odpowiednia d\u0142ugo\u015b\u0107 gwarantuj\u0105 swobod\u0119 i komfort u\u017cytkowania.<\/p>\n<p>Wyrafinowana Casablanca zas\u0142uguje na miano niezwykle gustownej, wieczorowej propozycji.\u00a0<\/p>\n","protected":false},"featured_media":2237,"comment_status":"open","ping_status":"closed","template":"","meta":[],"product_cat":[17],"product_tag":[],"class_list":{"0":"post-3997","1":"product","2":"type-product","3":"status-publish","4":"has-post-thumbnail","6":"product_cat-komplety","8":"first","9":"instock","10":"shipping-taxable","11":"purchasable","12":"product-type-variable","13":"has-default-attributes"},"_links":{"self":[{"href":"https:\/\/kalimo.eu\/index.php?rest_route=\/wp\/v2\/product\/3997","targetHints":{"allow":["GET"]}}],"collection":[{"href":"https:\/\/kalimo.eu\/index.php?rest_route=\/wp\/v2\/product"}],"about":[{"href":"https:\/\/kalimo.eu\/index.php?rest_route=\/wp\/v2\/types\/product"}],"replies":[{"embeddable":true,"href":"https:\/\/kalimo.eu\/index.php?rest_route=%2Fwp%2Fv2%2Fcomments&post=3997"}],"wp:featuredmedia":[{"embeddable":true,"href":"https:\/\/kalimo.eu\/index.php?rest_route=\/wp\/v2\/media\/2237"}],"wp:attachment":[{"href":"https:\/\/kalimo.eu\/index.php?rest_route=%2Fwp%2Fv2%2Fmedia&parent=3997"}],"wp:term":[{"taxonomy":"product_cat","embeddable":true,"href":"https:\/\/kalimo.eu\/index.php?rest_route=%2Fwp%2Fv2%2Fproduct_cat&post=3997"},{"taxonomy":"product_tag","embeddable":true,"href":"https:\/\/kalimo.eu\/index.php?rest_route=%2Fwp%2Fv2%2Fproduct_tag&post=3997"}],"curies":[{"name":"wp","href":"https:\/\/api.w.org\/{rel}","templated":true}]}}