{"id":406,"date":"2021-09-14T15:34:16","date_gmt":"2021-09-14T13:34:16","guid":{"rendered":"http:\/\/expect.home.pl\/autoinstalator\/wordpresswoocommerce\/?post_type=product&#038;p=406"},"modified":"2021-12-13T06:53:52","modified_gmt":"2021-12-13T05:53:52","slug":"kolczyki-srebrne-kola-kalimo-ks-003","status":"publish","type":"product","link":"https:\/\/kalimo.eu\/?product=kolczyki-srebrne-kola-kalimo-ks-003","title":{"rendered":"Kolczyki srebrne rodowane &#8211; clips &amp; rings &#8211; Kalimo KS-003"},"content":{"rendered":"<div class=\"woocommerce-product-details__short-description\">\n<div class=\"woocommerce-product-details__short-description\">\n<p><strong>Kolczyki srebrne, rodowane &#8211; clips &amp; rings &#8211; ko\u0142a zawieszone na prostok\u0105tnych haczykach<br \/>\n<\/strong><\/p>\n<p><strong>Materia\u0142:\u00a0<\/strong>Srebro rodowane<\/p>\n<p><strong>Pr\u00f3ba:<\/strong>\u00a00,925<\/p>\n<p><strong>D\u0142ugo\u015b\u0107 kolczyka:<\/strong> 4,2 x 2,5 cm<\/p>\n<p><strong>Waga ca\u0142o\u015bci:<\/strong> 4,6 g<\/p>\n<p><strong>Waga srebra:<\/strong> 4,6 g<\/p>\n<p><strong>Wielko\u015b\u0107 elementu ozdobnego:<\/strong> spinacz ok: 2,3\u00d70,8 cm, ko\u0142a &#8211; \u015brednia: 2,5cm<\/p>\n<p><strong>Zapi\u0119cie:<\/strong> sztyft<\/p>\n<p>Rodowanie srebra zapobiega jego utlenianiu (srebro nie ciemnieje z czasem), zapewnia ochron\u0119 mechaniczn\u0105 przed rysami oraz dodaje jeszcze wi\u0119kszego po\u0142ysku.<\/p>\n<\/div>\n<\/div>\n","protected":false},"excerpt":{"rendered":"<div class=\"woocommerce-product-details__short-description\">\n<div class=\"woocommerce-product-details__short-description\">\n<p><strong>Kolczyki srebrne, rodowane &#8211; clips &amp; rings &#8211; ko\u0142a zawieszone na prostok\u0105tnych haczykach<br \/>\n<\/strong><\/p>\n<p><strong>Materia\u0142:\u00a0<\/strong>Srebro rodowane<\/p>\n<p><strong>Pr\u00f3ba:<\/strong>\u00a00,925<\/p>\n<p><strong>D\u0142ugo\u015b\u0107 kolczyka:<\/strong> 4,2 x 2,5 cm<\/p>\n<p><strong>Waga ca\u0142o\u015bci:<\/strong> 4,6 g<\/p>\n<p><strong>Waga srebra:<\/strong> 4,6 g<\/p>\n<p><strong>Wielko\u015b\u0107 elementu ozdobnego:<\/strong> spinacz ok: 2,3\u00d70,8 cm, ko\u0142a &#8211; \u015brednia: 2,5cm<\/p>\n<p><strong>Zapi\u0119cie:<\/strong> sztyft<\/p>\n<p>Rodowanie srebra zapobiega jego utlenianiu (srebro nie ciemnieje z czasem), zapewnia ochron\u0119 mechaniczn\u0105 przed rysami oraz dodaje jeszcze wi\u0119kszego po\u0142ysku.<\/p>\n<\/div>\n<\/div>\n","protected":false},"featured_media":1629,"comment_status":"open","ping_status":"closed","template":"","meta":[],"product_cat":[25],"product_tag":[],"class_list":{"0":"post-406","1":"product","2":"type-product","3":"status-publish","4":"has-post-thumbnail","6":"product_cat-kolczyki","8":"first","9":"instock","10":"shipping-taxable","11":"purchasable","12":"product-type-simple"},"_links":{"self":[{"href":"https:\/\/kalimo.eu\/index.php?rest_route=\/wp\/v2\/product\/406","targetHints":{"allow":["GET"]}}],"collection":[{"href":"https:\/\/kalimo.eu\/index.php?rest_route=\/wp\/v2\/product"}],"about":[{"href":"https:\/\/kalimo.eu\/index.php?rest_route=\/wp\/v2\/types\/product"}],"replies":[{"embeddable":true,"href":"https:\/\/kalimo.eu\/index.php?rest_route=%2Fwp%2Fv2%2Fcomments&post=406"}],"wp:featuredmedia":[{"embeddable":true,"href":"https:\/\/kalimo.eu\/index.php?rest_route=\/wp\/v2\/media\/1629"}],"wp:attachment":[{"href":"https:\/\/kalimo.eu\/index.php?rest_route=%2Fwp%2Fv2%2Fmedia&parent=406"}],"wp:term":[{"taxonomy":"product_cat","embeddable":true,"href":"https:\/\/kalimo.eu\/index.php?rest_route=%2Fwp%2Fv2%2Fproduct_cat&post=406"},{"taxonomy":"product_tag","embeddable":true,"href":"https:\/\/kalimo.eu\/index.php?rest_route=%2Fwp%2Fv2%2Fproduct_tag&post=406"}],"curies":[{"name":"wp","href":"https:\/\/api.w.org\/{rel}","templated":true}]}}