{"id":4108,"date":"2021-11-15T22:21:25","date_gmt":"2021-11-15T21:21:25","guid":{"rendered":"http:\/\/kalimo.eu\/?post_type=product&#038;p=4108"},"modified":"2022-02-18T07:45:55","modified_gmt":"2022-02-18T06:45:55","slug":"komplet-rome-wiskozakolory","status":"publish","type":"product","link":"https:\/\/kalimo.eu\/?product=komplet-rome-wiskozakolory","title":{"rendered":"KOMPLET ROME (wiskoza)+kolory"},"content":{"rendered":"<p>Wykonany z przyjemnej wiskozy komplet, ozdobiony koronkowym serduszkiem to komfortowa propozycja do spania dla kobiety w ka\u017cdym wieku. Bluzka o nieco lu\u017aniejszym kroju zatuszuje r\u00f3wnie\u017c ewentualne mankamenty figury. \u0141\u00f3dkowy dekolt daje mo\u017cliwo\u015b\u0107 zsuni\u0119cia na jedno lub oba ramiona. Do tego perfekcyjnie skrojone szorty, kt\u00f3re pi\u0119knie podkre\u015blaj\u0105 kr\u0105g\u0142o\u015b\u0107 kobiecych po\u015bladk\u00f3w.<\/p>\n<p>Ca\u0142o\u015b\u0107 stanowi idealny komplet, kt\u00f3ry doskonale uk\u0142ada si\u0119 na sylwetce, a do tego \u0142\u0105czy w sobie styl, urok i wygod\u0119.<\/p>\n<p>&nbsp;<\/p>\n<p><strong>Styl:<\/strong><\/p>\n<p>komfortowy, sportowy, dopasowany do odpowiednich partii cia\u0142a<br \/>\nzapewniaj\u0105cy wysoki komfort noszenia<br \/>\nzapewniaj\u0105cy elastyczno\u015b\u0107 materia\u0142u w odpowiednich kierunkach<br \/>\nca\u0142kowita d\u0142ugo\u015b\u0107 koszulki po szwie bocznym: 38cm<br \/>\nca\u0142kowita d\u0142ugo\u015b\u0107 szort\u00f3w po szwie bocznym: 15cm<\/p>\n<p>&nbsp;<\/p>\n<p><strong>Materia\u0142:<\/strong><\/p>\n<p>wysokogatunkowa, oddychaj\u0105ca wiskoza, tzw. \u201djedwab drzewny\u201d<br \/>\nmi\u0119kka, elastyczna koronka w kszta\u0142cie serca. UWAGA: zalecane pranie r\u0119czne.<br \/>\nodpowiednia mi\u0119kko\u015b\u0107 oraz elastyczno\u015b\u0107<br \/>\nlekko\u015b\u0107, przewiewno\u015b\u0107<\/p>\n<p>&nbsp;<\/p>\n<p><strong>Dodatkowe cechy produktu:<\/strong><\/p>\n<p>koronkowe serduszko podszyte wiskoz\u0105<br \/>\nwygodne r\u0119kawki<br \/>\nbielizna pakowana w \u015bliczne, du\u017ce opakowanie (idealne na prezent)<br \/>\nsk\u0142ad materia\u0142u: 95% wiskoza, 5% elastan.<\/p>\n","protected":false},"excerpt":{"rendered":"<p>Wykonany z przyjemnej wiskozy komplet, ozdobiony koronkowym serduszkiem to komfortowa propozycja do spania dla kobiety w ka\u017cdym wieku. Bluzka o nieco lu\u017aniejszym kroju zatuszuje r\u00f3wnie\u017c ewentualne mankamenty figury. \u0141\u00f3dkowy dekolt daje mo\u017cliwo\u015b\u0107 zsuni\u0119cia na jedno lub oba ramiona. Do tego perfekcyjnie skrojone szorty, kt\u00f3re pi\u0119knie podkre\u015blaj\u0105 kr\u0105g\u0142o\u015b\u0107 kobiecych po\u015bladk\u00f3w.<\/p>\n<p>Ca\u0142o\u015b\u0107 stanowi idealny komplet, kt\u00f3ry doskonale uk\u0142ada si\u0119 na sylwetce, a do tego \u0142\u0105czy w sobie styl, urok i wygod\u0119.<\/p>\n","protected":false},"featured_media":3101,"comment_status":"open","ping_status":"closed","template":"","meta":[],"product_cat":[17],"product_tag":[],"class_list":{"0":"post-4108","1":"product","2":"type-product","3":"status-publish","4":"has-post-thumbnail","6":"product_cat-komplety","8":"first","9":"instock","10":"shipping-taxable","11":"purchasable","12":"product-type-variable","13":"has-default-attributes"},"_links":{"self":[{"href":"https:\/\/kalimo.eu\/index.php?rest_route=\/wp\/v2\/product\/4108","targetHints":{"allow":["GET"]}}],"collection":[{"href":"https:\/\/kalimo.eu\/index.php?rest_route=\/wp\/v2\/product"}],"about":[{"href":"https:\/\/kalimo.eu\/index.php?rest_route=\/wp\/v2\/types\/product"}],"replies":[{"embeddable":true,"href":"https:\/\/kalimo.eu\/index.php?rest_route=%2Fwp%2Fv2%2Fcomments&post=4108"}],"wp:featuredmedia":[{"embeddable":true,"href":"https:\/\/kalimo.eu\/index.php?rest_route=\/wp\/v2\/media\/3101"}],"wp:attachment":[{"href":"https:\/\/kalimo.eu\/index.php?rest_route=%2Fwp%2Fv2%2Fmedia&parent=4108"}],"wp:term":[{"taxonomy":"product_cat","embeddable":true,"href":"https:\/\/kalimo.eu\/index.php?rest_route=%2Fwp%2Fv2%2Fproduct_cat&post=4108"},{"taxonomy":"product_tag","embeddable":true,"href":"https:\/\/kalimo.eu\/index.php?rest_route=%2Fwp%2Fv2%2Fproduct_tag&post=4108"}],"curies":[{"name":"wp","href":"https:\/\/api.w.org\/{rel}","templated":true}]}}