{"id":417,"date":"2021-09-14T16:11:08","date_gmt":"2021-09-14T14:11:08","guid":{"rendered":"http:\/\/expect.home.pl\/autoinstalator\/wordpresswoocommerce\/?post_type=product&#038;p=417"},"modified":"2022-11-17T08:12:02","modified_gmt":"2022-11-17T07:12:02","slug":"bransoletka-srebrna-rodowana-onyx-kalimo-bs-004","status":"publish","type":"product","link":"https:\/\/kalimo.eu\/?product=bransoletka-srebrna-rodowana-onyx-kalimo-bs-004","title":{"rendered":"Bransoletka srebrna rodowana &#8211; Onyx &#8211; Kalimo BS-004"},"content":{"rendered":"<div class=\"product-tab\" data-tab=\"box_description\">\n<div class=\"innerbox\">\n<div class=\"resetcss\">\n<p><strong>Bransoletka z rodowanego srebra + onyx.<br \/>\n<\/strong><\/p>\n<p><strong>Pr\u00f3ba:<\/strong>\u00a00,925<\/p>\n<p><strong>D\u0142ugo\u015b\u0107:<\/strong>\u00a016 cm + wyd\u0142u\u017cenie 3 cm<\/p>\n<p><strong>Waga ca\u0142o\u015bci:<\/strong> 3,2 g<\/p>\n<p><strong>Waga srebra:<\/strong> 2,7 g<\/p>\n<p><strong>Wielko\u015b\u0107 elementu ozdobnego:<\/strong> 2,5 cm x 1,6 cm<\/p>\n<p><strong>Rodzaj kamienia:<\/strong>\u00a0onyks<\/p>\n<p><strong>Zapi\u0119cie:<\/strong>\u00a0federing<\/p>\n<\/div>\n<p>Rodowanie srebra zapobiega jego utlenianiu (srebro nie ciemnieje z czasem), zapewnia ochron\u0119 mechaniczn\u0105 przed rysami oraz dodaje jeszcze wi\u0119kszego po\u0142ysku.<\/p>\n<\/div>\n<\/div>\n","protected":false},"excerpt":{"rendered":"<div class=\"product-tab\" data-tab=\"box_description\">\n<div class=\"innerbox\">\n<div class=\"resetcss\">\n<p><strong>Bransoletka z rodowanego srebra + onyx.<br \/>\n<\/strong><\/p>\n<p><strong>Pr\u00f3ba:<\/strong>\u00a00,925<\/p>\n<p><strong>D\u0142ugo\u015b\u0107:<\/strong>\u00a016 cm + wyd\u0142u\u017cenie 3 cm<\/p>\n<p><strong>Waga ca\u0142o\u015bci:<\/strong> 3,2 g<\/p>\n<p><strong>Waga srebra:<\/strong> 2,7 g<\/p>\n<p><strong>Wielko\u015b\u0107 elementu ozdobnego:<\/strong> 2,5 cm x 1,6 cm<\/p>\n<p><strong>Rodzaj kamienia:<\/strong>\u00a0onyks<\/p>\n<p><strong>Zapi\u0119cie:<\/strong>\u00a0federing<\/p>\n<\/div>\n<p>Rodowanie srebra zapobiega jego utlenianiu (srebro nie ciemnieje z czasem), zapewnia ochron\u0119 mechaniczn\u0105 przed rysami oraz dodaje jeszcze wi\u0119kszego po\u0142ysku.<\/p>\n<\/div>\n<\/div>\n","protected":false},"featured_media":1597,"comment_status":"open","ping_status":"closed","template":"","meta":[],"product_cat":[27],"product_tag":[],"class_list":{"0":"post-417","1":"product","2":"type-product","3":"status-publish","4":"has-post-thumbnail","6":"product_cat-bransoletki","8":"first","9":"instock","10":"shipping-taxable","11":"purchasable","12":"product-type-simple"},"_links":{"self":[{"href":"https:\/\/kalimo.eu\/index.php?rest_route=\/wp\/v2\/product\/417","targetHints":{"allow":["GET"]}}],"collection":[{"href":"https:\/\/kalimo.eu\/index.php?rest_route=\/wp\/v2\/product"}],"about":[{"href":"https:\/\/kalimo.eu\/index.php?rest_route=\/wp\/v2\/types\/product"}],"replies":[{"embeddable":true,"href":"https:\/\/kalimo.eu\/index.php?rest_route=%2Fwp%2Fv2%2Fcomments&post=417"}],"wp:featuredmedia":[{"embeddable":true,"href":"https:\/\/kalimo.eu\/index.php?rest_route=\/wp\/v2\/media\/1597"}],"wp:attachment":[{"href":"https:\/\/kalimo.eu\/index.php?rest_route=%2Fwp%2Fv2%2Fmedia&parent=417"}],"wp:term":[{"taxonomy":"product_cat","embeddable":true,"href":"https:\/\/kalimo.eu\/index.php?rest_route=%2Fwp%2Fv2%2Fproduct_cat&post=417"},{"taxonomy":"product_tag","embeddable":true,"href":"https:\/\/kalimo.eu\/index.php?rest_route=%2Fwp%2Fv2%2Fproduct_tag&post=417"}],"curies":[{"name":"wp","href":"https:\/\/api.w.org\/{rel}","templated":true}]}}