{"id":4995,"date":"2021-11-17T10:13:29","date_gmt":"2021-11-17T09:13:29","guid":{"rendered":"https:\/\/kalimo.eu\/?post_type=product&#038;p=4995"},"modified":"2022-02-18T08:17:50","modified_gmt":"2022-02-18T07:17:50","slug":"komplet-toledo-satynakolory","status":"publish","type":"product","link":"https:\/\/kalimo.eu\/?product=komplet-toledo-satynakolory","title":{"rendered":"KOMPLET TOLEDO (satyna)+kolory"},"content":{"rendered":"<p>Powabny i zgrabny komplet wykonany z przyjemnej dla cia\u0142a satyny. Koszulka o dekolcie w kszta\u0142cie fali w przyjemny spos\u00f3b podkre\u015bla kobiecy biust. D\u00f3\u0142 zdobiony delikatn\u0105 koronk\u0105 dla podkre\u015blenia subtelno\u015bci. Szorty zdobione t\u0105 sam\u0105 koronk\u0105. Nogawki wyko\u0144czone kokieteryjnymi p\u0119kni\u0119ciami.<\/p>\n<p>Idealny komplet do spania lub na mi\u0142y pocz\u0105tek wieczoru z ukochanym.<\/p>\n<p><strong>Styl:<\/strong><\/p>\n<p>dopasowany do odpowiednich partii cia\u0142a<br \/>\nzapewniaj\u0105cy wysoki komfort noszenia<br \/>\nzapewniaj\u0105cy elastyczno\u015b\u0107 materia\u0142u w odpowiednich kierunkach<br \/>\nzapewniaj\u0105cy odpowiedni\u0105 prac\u0119 materia\u0142u (efekt lej\u0105cej si\u0119 satyny)<br \/>\nregulowane rami\u0105czka umo\u017cliwiaj\u0105ce dopasowanie g\u0142\u0119boko\u015bci dekoltu<br \/>\nd\u0142ugo\u015b\u0107 szort\u00f3w mierzona po szwie bocznym: 21cm<br \/>\nca\u0142kowita d\u0142ugo\u015b\u0107 koszulki mierzona po szwie bocznym: 37cm.<br \/>\n\u00a0<\/p>\n<p><strong>Materia\u0142:<\/strong><\/p>\n<p>wysokogatunkowa , mi\u0119sista satyna<br \/>\nodpowiednia mi\u0119kko\u015b\u0107 po wewn\u0119trznej stronie<br \/>\nwysoki po\u0142ysk po stronie zewn\u0119trznej<br \/>\ndelikatna koronka<br \/>\n\u00a0<\/p>\n<p><strong>Dodatkowe cechy produktu:<\/strong><\/p>\n<p>regulowane naramki w kolorze halki<br \/>\nbielizna pakowana w \u015bliczne, du\u017ce opakowanie (idealne na prezent)<br \/>\nsk\u0142ad materia\u0142u: 97% poliester, 3% elastan. Splot satynowy.<br \/>\n\u00a0<\/p>\n","protected":false},"excerpt":{"rendered":"<p>Powabny i zgrabny komplet wykonany z przyjemnej dla cia\u0142a satyny. Koszulka o dekolcie w kszta\u0142cie fali w przyjemny spos\u00f3b podkre\u015bla kobiecy biust. D\u00f3\u0142 zdobiony delikatn\u0105 koronk\u0105 dla podkre\u015blenia subtelno\u015bci. Szorty zdobione t\u0105 sam\u0105 koronk\u0105. Nogawki wyko\u0144czone kokieteryjnymi p\u0119kni\u0119ciami.<\/p>\n<p>Idealny komplet do spania lub na mi\u0142y pocz\u0105tek wieczoru z ukochanym.<\/p>\n","protected":false},"featured_media":3201,"comment_status":"open","ping_status":"closed","template":"","meta":[],"product_cat":[17],"product_tag":[],"class_list":{"0":"post-4995","1":"product","2":"type-product","3":"status-publish","4":"has-post-thumbnail","6":"product_cat-komplety","8":"first","9":"instock","10":"shipping-taxable","11":"purchasable","12":"product-type-variable","13":"has-default-attributes"},"_links":{"self":[{"href":"https:\/\/kalimo.eu\/index.php?rest_route=\/wp\/v2\/product\/4995","targetHints":{"allow":["GET"]}}],"collection":[{"href":"https:\/\/kalimo.eu\/index.php?rest_route=\/wp\/v2\/product"}],"about":[{"href":"https:\/\/kalimo.eu\/index.php?rest_route=\/wp\/v2\/types\/product"}],"replies":[{"embeddable":true,"href":"https:\/\/kalimo.eu\/index.php?rest_route=%2Fwp%2Fv2%2Fcomments&post=4995"}],"wp:featuredmedia":[{"embeddable":true,"href":"https:\/\/kalimo.eu\/index.php?rest_route=\/wp\/v2\/media\/3201"}],"wp:attachment":[{"href":"https:\/\/kalimo.eu\/index.php?rest_route=%2Fwp%2Fv2%2Fmedia&parent=4995"}],"wp:term":[{"taxonomy":"product_cat","embeddable":true,"href":"https:\/\/kalimo.eu\/index.php?rest_route=%2Fwp%2Fv2%2Fproduct_cat&post=4995"},{"taxonomy":"product_tag","embeddable":true,"href":"https:\/\/kalimo.eu\/index.php?rest_route=%2Fwp%2Fv2%2Fproduct_tag&post=4995"}],"curies":[{"name":"wp","href":"https:\/\/api.w.org\/{rel}","templated":true}]}}