{"id":5143,"date":"2021-11-18T06:57:43","date_gmt":"2021-11-18T05:57:43","guid":{"rendered":"https:\/\/kalimo.eu\/?post_type=product&#038;p=5143"},"modified":"2022-02-18T08:35:35","modified_gmt":"2022-02-18T07:35:35","slug":"komplet-lugo-wiskozakolory","status":"publish","type":"product","link":"https:\/\/kalimo.eu\/?product=komplet-lugo-wiskozakolory","title":{"rendered":"KOMPLET LUGO (wiskoza)+kolory"},"content":{"rendered":"<p>Dwucz\u0119\u015bciowy, wiskozowy komplet sk\u0142adaj\u0105cy si\u0119 z koszulki z r\u0119kawkami oraz fantazyjnych szort\u00f3w jest wygodn\u0105, a zarazem eleganck\u0105 alternatyw\u0105 do tradycyjnych pi\u017camek.<\/p>\n<p>Dekolt bluzki zdobi koronka. Szorty stanowi\u0105 natomiast kombinacj\u0119 tradycyjnych majteczek oraz spodenek: prz\u00f3d jest wykonany z koronki podszytej wiskoz\u0105 w cz\u0119\u015bci majtkowej, ty\u0142 natomiast to wiskoza, kt\u00f3ra mi\u0119kko przylega do cia\u0142a, podkre\u015blaj\u0105c kr\u0105g\u0142o\u015bci po\u015bladk\u00f3w.<\/p>\n<p><strong>Styl:<\/strong><\/p>\n<p>komfortowy, sportowy, dopasowany do odpowiednich partii cia\u0142a<br \/>\nzapewniaj\u0105cy wysoki komfort noszenia<br \/>\ndekolt oraz szorty zdobione mi\u0119kk\u0105 koronk\u0105 w kwiatowym motywie<br \/>\nca\u0142kowita d\u0142ugo\u015b\u0107 koszulki po szwie bocznym: 31cm<br \/>\nca\u0142kowita d\u0142ugo\u015b\u0107 szort\u00f3w po szwie bocznym: 19cm<br \/>\n\u00a0<\/p>\n<p><strong>Materia\u0142:<\/strong><\/p>\n<p>wysokogatunkowa, oddychaj\u0105ca wiskoza, tzw. \u201djedwab drzewny\u201d<br \/>\nmi\u0119kka, elastyczna koronka<br \/>\nodpowiednia mi\u0119kko\u015b\u0107 oraz elastyczno\u015b\u0107<br \/>\nlekko\u015b\u0107, przewiewno\u015b\u0107<br \/>\n\u00a0<\/p>\n<p><strong>Dodatkowe cechy produktu:<\/strong><\/p>\n<p>wyko\u0144czenie dekoltu oraz do\u0142u szor\u00f3w z mi\u0119kkiej, elastycznej koronki<br \/>\nwygodne r\u0119kawki<br \/>\nbielizna pakowana w \u015bliczne, du\u017ce opakowanie (idealne na prezent)<br \/>\nsk\u0142ad materia\u0142u: 95% wiskoza, 5% elastan.<\/p>\n","protected":false},"excerpt":{"rendered":"<p>Dwucz\u0119\u015bciowy, wiskozowy komplet sk\u0142adaj\u0105cy si\u0119 z koszulki z r\u0119kawkami oraz fantazyjnych szort\u00f3w jest wygodn\u0105, a zarazem eleganck\u0105 alternatyw\u0105 do tradycyjnych pi\u017camek.<\/p>\n<p>Dekolt bluzki zdobi koronka. Szorty stanowi\u0105 natomiast kombinacj\u0119 tradycyjnych majteczek oraz spodenek: prz\u00f3d jest wykonany z koronki podszytej wiskoz\u0105 w cz\u0119\u015bci majtkowej, ty\u0142 natomiast to wiskoza, kt\u00f3ra mi\u0119kko przylega do cia\u0142a, podkre\u015blaj\u0105c kr\u0105g\u0142o\u015bci po\u015bladk\u00f3w.<\/p>\n","protected":false},"featured_media":2627,"comment_status":"open","ping_status":"closed","template":"","meta":[],"product_cat":[17],"product_tag":[],"class_list":{"0":"post-5143","1":"product","2":"type-product","3":"status-publish","4":"has-post-thumbnail","6":"product_cat-komplety","8":"first","9":"instock","10":"shipping-taxable","11":"purchasable","12":"product-type-variable","13":"has-default-attributes"},"_links":{"self":[{"href":"https:\/\/kalimo.eu\/index.php?rest_route=\/wp\/v2\/product\/5143","targetHints":{"allow":["GET"]}}],"collection":[{"href":"https:\/\/kalimo.eu\/index.php?rest_route=\/wp\/v2\/product"}],"about":[{"href":"https:\/\/kalimo.eu\/index.php?rest_route=\/wp\/v2\/types\/product"}],"replies":[{"embeddable":true,"href":"https:\/\/kalimo.eu\/index.php?rest_route=%2Fwp%2Fv2%2Fcomments&post=5143"}],"wp:featuredmedia":[{"embeddable":true,"href":"https:\/\/kalimo.eu\/index.php?rest_route=\/wp\/v2\/media\/2627"}],"wp:attachment":[{"href":"https:\/\/kalimo.eu\/index.php?rest_route=%2Fwp%2Fv2%2Fmedia&parent=5143"}],"wp:term":[{"taxonomy":"product_cat","embeddable":true,"href":"https:\/\/kalimo.eu\/index.php?rest_route=%2Fwp%2Fv2%2Fproduct_cat&post=5143"},{"taxonomy":"product_tag","embeddable":true,"href":"https:\/\/kalimo.eu\/index.php?rest_route=%2Fwp%2Fv2%2Fproduct_tag&post=5143"}],"curies":[{"name":"wp","href":"https:\/\/api.w.org\/{rel}","templated":true}]}}