{"id":6122,"date":"2021-11-18T11:40:32","date_gmt":"2021-11-18T10:40:32","guid":{"rendered":"https:\/\/kalimo.eu\/?post_type=product&#038;p=6122"},"modified":"2022-02-21T08:25:04","modified_gmt":"2022-02-21T07:25:04","slug":"halka-basilan-wiskozakolory","status":"publish","type":"product","link":"https:\/\/kalimo.eu\/?product=halka-basilan-wiskozakolory","title":{"rendered":"HALKA BASILAN (wiskoza)+kolory"},"content":{"rendered":"<p>Wykonana z wiskozy halka Basilan z rozkloszowanymi r\u0119kawami \u0142\u0105czy w sobie wygod\u0119 z elegancj\u0105.<\/p>\n<p>Z pozoru prosta halka, jednak stylowo prezentuj\u0105ce si\u0119 szerokie r\u0119kawy z tiulow\u0105 wstawk\u0105 dodaj\u0105 gracji. Uwag\u0119 zwraca r\u00f3wnie\u017c tiulowa kokardka znajduj\u0105ca si\u0119 w okolicy dekoltu. Subtelna propozycja na mi\u0142e wieczory.<\/p>\n<p><strong>Styl:<\/strong><\/p>\n<p>komfortowy, dopasowany do odpowiednich partii cia\u0142a<br \/>\nzapewniaj\u0105cy wysok\u0105 swobod\u0119 noszenia<br \/>\nszerokie r\u0119kawy z tiulow\u0105 wstawk\u0105<br \/>\nd\u0142ugo\u015b\u0107 r\u0119kawa mierzona od pachy w d\u00f3\u0142: ok.40cm.<br \/>\nca\u0142kowita d\u0142ugo\u015b\u0107 koszulki mierzona po szwie bocznym: ok.69cm.<br \/>\n\u00a0<\/p>\n<p><strong>Materia\u0142:<\/strong><\/p>\n<p>wysokogatunkowa, oddychaj\u0105ca wiskoza, tzw. \u201djedwab drzewny\u201d<br \/>\nodpowiednia mi\u0119kko\u015b\u0107 oraz elastyczno\u015b\u0107<br \/>\nlekko\u015b\u0107, przewiewno\u015b\u0107<br \/>\n\u00a0<\/p>\n<p><strong>Dodatkowe cechy produktu:<\/strong><\/p>\n<p>szerokie r\u0119kawy<br \/>\nbielizna pakowana w \u015bliczne, du\u017ce opakowanie (idealne na prezent)<br \/>\nsk\u0142ad materia\u0142u: 95% wiskoza, 5% elastan.<\/p>\n","protected":false},"excerpt":{"rendered":"<p>Wykonana z wiskozy halka Basilan z rozkloszowanymi r\u0119kawami \u0142\u0105czy w sobie wygod\u0119 z elegancj\u0105.<\/p>\n<p>Z pozoru prosta halka, jednak stylowo prezentuj\u0105ce si\u0119 szerokie r\u0119kawy z tiulow\u0105 wstawk\u0105 dodaj\u0105 gracji. Uwag\u0119 zwraca r\u00f3wnie\u017c tiulowa kokardka znajduj\u0105ca si\u0119 w okolicy dekoltu. Subtelna propozycja na mi\u0142e wieczory.<\/p>\n","protected":false},"featured_media":2111,"comment_status":"open","ping_status":"closed","template":"","meta":[],"product_cat":[15],"product_tag":[],"class_list":{"0":"post-6122","1":"product","2":"type-product","3":"status-publish","4":"has-post-thumbnail","6":"product_cat-halki","8":"first","9":"instock","10":"shipping-taxable","11":"purchasable","12":"product-type-variable","13":"has-default-attributes"},"_links":{"self":[{"href":"https:\/\/kalimo.eu\/index.php?rest_route=\/wp\/v2\/product\/6122","targetHints":{"allow":["GET"]}}],"collection":[{"href":"https:\/\/kalimo.eu\/index.php?rest_route=\/wp\/v2\/product"}],"about":[{"href":"https:\/\/kalimo.eu\/index.php?rest_route=\/wp\/v2\/types\/product"}],"replies":[{"embeddable":true,"href":"https:\/\/kalimo.eu\/index.php?rest_route=%2Fwp%2Fv2%2Fcomments&post=6122"}],"wp:featuredmedia":[{"embeddable":true,"href":"https:\/\/kalimo.eu\/index.php?rest_route=\/wp\/v2\/media\/2111"}],"wp:attachment":[{"href":"https:\/\/kalimo.eu\/index.php?rest_route=%2Fwp%2Fv2%2Fmedia&parent=6122"}],"wp:term":[{"taxonomy":"product_cat","embeddable":true,"href":"https:\/\/kalimo.eu\/index.php?rest_route=%2Fwp%2Fv2%2Fproduct_cat&post=6122"},{"taxonomy":"product_tag","embeddable":true,"href":"https:\/\/kalimo.eu\/index.php?rest_route=%2Fwp%2Fv2%2Fproduct_tag&post=6122"}],"curies":[{"name":"wp","href":"https:\/\/api.w.org\/{rel}","templated":true}]}}