{"id":6557,"date":"2021-11-19T07:53:45","date_gmt":"2021-11-19T06:53:45","guid":{"rendered":"https:\/\/kalimo.eu\/?post_type=product&#038;p=6557"},"modified":"2022-02-18T11:08:17","modified_gmt":"2022-02-18T10:08:17","slug":"halka-kea-wiskozakolory","status":"publish","type":"product","link":"https:\/\/kalimo.eu\/?product=halka-kea-wiskozakolory","title":{"rendered":"HALKA KEA (wiskoza)+kolory"},"content":{"rendered":"<p>Cudowna haleczka wykonana z mi\u0119kkiej wiskozy uwiedzie gusta niejednej Pani.<\/p>\n<p>G\u00f3ra koszulki zosta\u0142a wykonana z delikatnej koronki z motywem kwiatowym. Mi\u0119kka dzianina przyjemnie otula cia\u0142o, wprowadzaj\u0105c w nastr\u00f3j b\u0142ogiego snu.<\/p>\n<p>Dobierz do kompletu wiskozowy szlafrok marki Kalimo i ciesz si\u0119 pi\u0119kn\u0105 bielizn\u0105.<\/p>\n<p><strong>Styl:<\/strong><\/p>\n<p>komfortowy, dopasowany do odpowiednich partii cia\u0142a<br \/>\nzapewniaj\u0105cy wysok\u0105 swobod\u0119 noszenia<br \/>\ndekolt wykonany z elastycznej, mi\u0119kkiej koronki<br \/>\nca\u0142kowita d\u0142ugo\u015b\u0107 koszulki mierzona po szwie bocznym: 73cm.<br \/>\n\u00a0<\/p>\n<p><strong>Materia\u0142:<\/strong><\/p>\n<p>wysokogatunkowa, oddychaj\u0105ca wiskoza, tzw. \u201djedwab drzewny\u201d<br \/>\nodpowiednia mi\u0119kko\u015b\u0107 oraz elastyczno\u015b\u0107<br \/>\nlekko\u015b\u0107, przewiewno\u015b\u0107<br \/>\n\u00a0<\/p>\n<p><strong>Dodatkowe cechy produktu:<\/strong><\/p>\n<p>koronka z kwiatowym motywem<br \/>\nbielizna pakowana w \u015bliczne, du\u017ce opakowanie (idealne na prezent)<br \/>\nsk\u0142ad materia\u0142u: 95% wiskoza, 5% elastan.<\/p>\n","protected":false},"excerpt":{"rendered":"<p>Cudowna haleczka wykonana z mi\u0119kkiej wiskozy uwiedzie gusta niejednej Pani.<\/p>\n<p>G\u00f3ra koszulki zosta\u0142a wykonana z delikatnej koronki z motywem kwiatowym. Mi\u0119kka dzianina przyjemnie otula cia\u0142o, wprowadzaj\u0105c w nastr\u00f3j b\u0142ogiego snu.<\/p>\n<p>Dobierz do kompletu wiskozowy szlafrok marki Kalimo i ciesz si\u0119 pi\u0119kn\u0105 bielizn\u0105.<\/p>\n","protected":false},"featured_media":2531,"comment_status":"open","ping_status":"closed","template":"","meta":[],"product_cat":[15],"product_tag":[],"class_list":{"0":"post-6557","1":"product","2":"type-product","3":"status-publish","4":"has-post-thumbnail","6":"product_cat-halki","8":"first","9":"instock","10":"shipping-taxable","11":"purchasable","12":"product-type-variable","13":"has-default-attributes"},"_links":{"self":[{"href":"https:\/\/kalimo.eu\/index.php?rest_route=\/wp\/v2\/product\/6557","targetHints":{"allow":["GET"]}}],"collection":[{"href":"https:\/\/kalimo.eu\/index.php?rest_route=\/wp\/v2\/product"}],"about":[{"href":"https:\/\/kalimo.eu\/index.php?rest_route=\/wp\/v2\/types\/product"}],"replies":[{"embeddable":true,"href":"https:\/\/kalimo.eu\/index.php?rest_route=%2Fwp%2Fv2%2Fcomments&post=6557"}],"wp:featuredmedia":[{"embeddable":true,"href":"https:\/\/kalimo.eu\/index.php?rest_route=\/wp\/v2\/media\/2531"}],"wp:attachment":[{"href":"https:\/\/kalimo.eu\/index.php?rest_route=%2Fwp%2Fv2%2Fmedia&parent=6557"}],"wp:term":[{"taxonomy":"product_cat","embeddable":true,"href":"https:\/\/kalimo.eu\/index.php?rest_route=%2Fwp%2Fv2%2Fproduct_cat&post=6557"},{"taxonomy":"product_tag","embeddable":true,"href":"https:\/\/kalimo.eu\/index.php?rest_route=%2Fwp%2Fv2%2Fproduct_tag&post=6557"}],"curies":[{"name":"wp","href":"https:\/\/api.w.org\/{rel}","templated":true}]}}