{"id":7377,"date":"2021-11-19T13:07:53","date_gmt":"2021-11-19T12:07:53","guid":{"rendered":"https:\/\/kalimo.eu\/?post_type=product&#038;p=7377"},"modified":"2022-02-22T12:17:45","modified_gmt":"2022-02-22T11:17:45","slug":"podomka-mak-tiul","status":"publish","type":"product","link":"https:\/\/kalimo.eu\/?product=podomka-mak-tiul","title":{"rendered":"PODOMKA MAK (tiul)"},"content":{"rendered":"<p>Je\u015bli poszukujesz seksownego oraz eleganckiego wdzianka na wyj\u0105tkow\u0105 okazj\u0119, to peniuar Mak spe\u0142ni Twoje oczekiwania.<\/p>\n<p>Wykonany z uwodzicielskiego i niezwykle mi\u0119kkiego tiulu otuli Twoje cia\u0142o niczym mgie\u0142ka. Koronkowe wyko\u0144czenia oraz poszerzane r\u0119kawy dodadz\u0105 szyku a wi\u0105zanie w pasie zalotnie podkre\u015bli tali\u0119.<\/p>\n<p>Za\u0142\u00f3\u017c peniuar Mak i mi\u0142o rozpocznij wiecz\u00f3r.<\/p>\n<p>Uwaga: na zdj\u0119ciu modelka ma na sobie pod podomk\u0105 body Chang.<\/p>\n<p><strong>Styl:<\/strong><\/p>\n<p>zalotny, seksowny<br \/>\nokazjonalny<br \/>\nd\u0142ugo\u015b\u0107 ca\u0142kowita podomki: ok.90cm<br \/>\n\u00a0<\/p>\n<p><strong>Materia\u0142:<\/strong><\/p>\n<p>delikatny elastyczny tiul<br \/>\nkoronka w kwiatowym motywie<br \/>\nodpowiednia mi\u0119kko\u015b\u0107 oraz delikatno\u015b\u0107<br \/>\n\u00a0<\/p>\n<p><strong>Dodatkowe cechy produktu:<\/strong><\/p>\n<p>bielizna pakowana w \u015bliczne, du\u017ce opakowanie (idealne na prezent)<br \/>\nsk\u0142ad materia\u0142u: poliester.<\/p>\n","protected":false},"excerpt":{"rendered":"<p>Je\u015bli poszukujesz seksownego oraz eleganckiego wdzianka na wyj\u0105tkow\u0105 okazj\u0119, to peniuar Mak spe\u0142ni Twoje oczekiwania.<\/p>\n<p>Wykonany z uwodzicielskiego i niezwykle mi\u0119kkiego tiulu otuli Twoje cia\u0142o niczym mgie\u0142ka. Koronkowe wyko\u0144czenia oraz poszerzane r\u0119kawy dodadz\u0105 szyku a wi\u0105zanie w pasie zalotnie podkre\u015bli tali\u0119.<\/p>\n<p>Za\u0142\u00f3\u017c peniuar Mak i mi\u0142o rozpocznij wiecz\u00f3r.<\/p>\n<p>Uwaga: na zdj\u0119ciu modelka ma na sobie pod podomk\u0105 body Chang.<\/p>\n","protected":false},"featured_media":2693,"comment_status":"open","ping_status":"closed","template":"","meta":[],"product_cat":[18],"product_tag":[],"class_list":{"0":"post-7377","1":"product","2":"type-product","3":"status-publish","4":"has-post-thumbnail","6":"product_cat-podomki","8":"first","9":"instock","10":"shipping-taxable","11":"purchasable","12":"product-type-variable","13":"has-default-attributes"},"_links":{"self":[{"href":"https:\/\/kalimo.eu\/index.php?rest_route=\/wp\/v2\/product\/7377","targetHints":{"allow":["GET"]}}],"collection":[{"href":"https:\/\/kalimo.eu\/index.php?rest_route=\/wp\/v2\/product"}],"about":[{"href":"https:\/\/kalimo.eu\/index.php?rest_route=\/wp\/v2\/types\/product"}],"replies":[{"embeddable":true,"href":"https:\/\/kalimo.eu\/index.php?rest_route=%2Fwp%2Fv2%2Fcomments&post=7377"}],"wp:featuredmedia":[{"embeddable":true,"href":"https:\/\/kalimo.eu\/index.php?rest_route=\/wp\/v2\/media\/2693"}],"wp:attachment":[{"href":"https:\/\/kalimo.eu\/index.php?rest_route=%2Fwp%2Fv2%2Fmedia&parent=7377"}],"wp:term":[{"taxonomy":"product_cat","embeddable":true,"href":"https:\/\/kalimo.eu\/index.php?rest_route=%2Fwp%2Fv2%2Fproduct_cat&post=7377"},{"taxonomy":"product_tag","embeddable":true,"href":"https:\/\/kalimo.eu\/index.php?rest_route=%2Fwp%2Fv2%2Fproduct_tag&post=7377"}],"curies":[{"name":"wp","href":"https:\/\/api.w.org\/{rel}","templated":true}]}}