{"id":8930,"date":"2022-02-24T11:37:19","date_gmt":"2022-02-24T10:37:19","guid":{"rendered":"https:\/\/kalimo.eu\/?post_type=product&#038;p=8930"},"modified":"2022-06-29T11:15:07","modified_gmt":"2022-06-29T09:15:07","slug":"halka-kamala-wiskozakolory","status":"publish","type":"product","link":"https:\/\/kalimo.eu\/?product=halka-kamala-wiskozakolory","title":{"rendered":"HALKA KAMALA (wiskoza)+kolory"},"content":{"rendered":"<p>Romantyczna, zwiewna, pe\u0142na dziewcz\u0119cej \u015bwie\u017co\u015bci w stylu boho halka Kamala.<\/p>\n<p>Lu\u017any fason oraz wiskoza zapewnia najwy\u017csz\u0105 swobod\u0119 noszenia. Falbanki w okolicy dekoltu oraz na dole halki dodaj\u0105 lekko\u015bci. Koronkowe wyko\u0144czenia biegn\u0105ce wzd\u0142u\u017c linii dekoltu oraz naramek przykuwaj\u0105 uwag\u0119. Za\u0142\u00f3\u017c halk\u0119 Kamala, zamknij oczy i wyobra\u017a sobie \u0142\u0105k\u0119 w pe\u0142nym s\u0142o\u0144cu usian\u0105 kwiatami, Ty z wiankiem na g\u0142owie boso st\u0105pasz po mi\u0119kkiej trawie&#8230;Przyjemnie, prawda?<\/p>\n<p>Styl:<\/p>\n<p>komfortowy dzi\u0119ki wiskozie<br \/>\ncodzienny, lu\u017any<br \/>\nca\u0142kowita d\u0142ugo\u015b\u0107 halki mierzona po szwie bocznym (od pachy w d\u00f3\u0142): ok.65cm<br \/>\n\u00a0<\/p>\n<p>Materia\u0142:<\/p>\n<p>wysokogatunkowa, oddychaj\u0105ca wiskoza, tzw. \u201djedwab drzewny\u201d<br \/>\nodpowiednia mi\u0119kko\u015b\u0107 oraz elastyczno\u015b\u0107<br \/>\nlekko\u015b\u0107, przewiewno\u015b\u0107<br \/>\n\u00a0<\/p>\n<p>Dodatkowe cechy produktu:<\/p>\n<p>wyko\u0144czenie z mi\u0119kkiej, wysokogatunkowej koronki<br \/>\nszerokie, wygodne naramki<br \/>\nbielizna pakowana w \u015bliczne, du\u017ce opakowanie (idealne na prezent)<br \/>\nsk\u0142ad materia\u0142u: 95% wiskoza, 5% elastan.<\/p>\n","protected":false},"excerpt":{"rendered":"<p>Romantyczna, zwiewna, pe\u0142na dziewcz\u0119cej \u015bwie\u017co\u015bci w stylu boho halka Kamala.<\/p>\n<p>Lu\u017any fason oraz wiskoza zapewnia najwy\u017csz\u0105 swobod\u0119 noszenia. Falbanki w okolicy dekoltu oraz na dole halki dodaj\u0105 lekko\u015bci. Koronkowe wyko\u0144czenia biegn\u0105ce wzd\u0142u\u017c linii dekoltu oraz naramek przykuwaj\u0105 uwag\u0119. Za\u0142\u00f3\u017c halk\u0119 Kamala, zamknij oczy i wyobra\u017a sobie \u0142\u0105k\u0119 w pe\u0142nym s\u0142o\u0144cu usian\u0105 kwiatami, Ty z wiankiem na g\u0142owie boso st\u0105pasz po mi\u0119kkiej trawie&#8230;Przyjemnie, prawda?<\/p>\n","protected":false},"featured_media":9145,"comment_status":"open","ping_status":"closed","template":"","meta":[],"product_cat":[15],"product_tag":[],"class_list":{"0":"post-8930","1":"product","2":"type-product","3":"status-publish","4":"has-post-thumbnail","6":"product_cat-halki","8":"first","9":"instock","10":"shipping-taxable","11":"purchasable","12":"product-type-variable","13":"has-default-attributes"},"_links":{"self":[{"href":"https:\/\/kalimo.eu\/index.php?rest_route=\/wp\/v2\/product\/8930","targetHints":{"allow":["GET"]}}],"collection":[{"href":"https:\/\/kalimo.eu\/index.php?rest_route=\/wp\/v2\/product"}],"about":[{"href":"https:\/\/kalimo.eu\/index.php?rest_route=\/wp\/v2\/types\/product"}],"replies":[{"embeddable":true,"href":"https:\/\/kalimo.eu\/index.php?rest_route=%2Fwp%2Fv2%2Fcomments&post=8930"}],"wp:featuredmedia":[{"embeddable":true,"href":"https:\/\/kalimo.eu\/index.php?rest_route=\/wp\/v2\/media\/9145"}],"wp:attachment":[{"href":"https:\/\/kalimo.eu\/index.php?rest_route=%2Fwp%2Fv2%2Fmedia&parent=8930"}],"wp:term":[{"taxonomy":"product_cat","embeddable":true,"href":"https:\/\/kalimo.eu\/index.php?rest_route=%2Fwp%2Fv2%2Fproduct_cat&post=8930"},{"taxonomy":"product_tag","embeddable":true,"href":"https:\/\/kalimo.eu\/index.php?rest_route=%2Fwp%2Fv2%2Fproduct_tag&post=8930"}],"curies":[{"name":"wp","href":"https:\/\/api.w.org\/{rel}","templated":true}]}}