{"id":9105,"date":"2022-02-25T08:04:16","date_gmt":"2022-02-25T07:04:16","guid":{"rendered":"https:\/\/kalimo.eu\/?post_type=product&#038;p=9105"},"modified":"2022-03-08T11:14:59","modified_gmt":"2022-03-08T10:14:59","slug":"halka-morne-tiul","status":"publish","type":"product","link":"https:\/\/kalimo.eu\/?product=halka-morne-tiul","title":{"rendered":"HALKA MORNE (tiul)"},"content":{"rendered":"<p>D\u0142uga, pow\u0142\u00f3czysta halka wykonana z tiulu z mini kropeczkami brzmi rozkosznie, prawda?<\/p>\n<p>Je\u015bli do tego doda\u0107 zapinanie z przodu w postaci zawi\u0105zywanych, male\u0144kich kokardek to w g\u0142owie uk\u0142ada si\u0119 nam wizja ca\u0142kiem udanego wieczoru.<\/p>\n<p>Halka posiada r\u0119kawki wyko\u0144czone tiulow\u0105 falbank\u0105, co niebywale dodaje uroku. Elastyczny materia\u0142 pozwala na idealne dopasowanie do sylwetki. Do kompletu zosta\u0142y skrojone g\u0142adkie matjki z microfibry.<\/p>\n<p>Halka Morne to po\u0142\u0105czenie kobiecego szyku z nutk\u0105 pazura. Dasz si\u0119 skusi\u0107? \ud83d\ude42<\/p>\n<p>Styl:<\/p>\n<p>zalotny, seksowny<br \/>\nokazjonalny<br \/>\nd\u0142ugo\u015b\u0107 ca\u0142kowita podomki: ok.142cm<br \/>\n\u00a0<\/p>\n<p>Materia\u0142:<\/p>\n<p>delikatny elastyczny tiul w kropeczki<br \/>\nodpowiednia mi\u0119kko\u015b\u0107 oraz delikatno\u015b\u0107<br \/>\n\u00a0<\/p>\n<p>Dodatkowe cechy produktu:<\/p>\n<p>majtki z microfibry w komplecie<br \/>\nbielizna pakowana w \u015bliczne, du\u017ce opakowanie (idealne na prezent)<br \/>\nsk\u0142ad materia\u0142u: poliester.<\/p>\n","protected":false},"excerpt":{"rendered":"<p>D\u0142uga, pow\u0142\u00f3czysta halka wykonana z tiulu z mini kropeczkami brzmi rozkosznie, prawda?<\/p>\n<p>Je\u015bli do tego doda\u0107 zapinanie z przodu w postaci zawi\u0105zywanych, male\u0144kich kokardek to w g\u0142owie uk\u0142ada si\u0119 nam wizja ca\u0142kiem udanego wieczoru.<\/p>\n<p>Halka posiada r\u0119kawki wyko\u0144czone tiulow\u0105 falbank\u0105, co niebywale dodaje uroku. Elastyczny materia\u0142 pozwala na idealne dopasowanie do sylwetki. Do kompletu zosta\u0142y skrojone g\u0142adkie matjki z microfibry.<\/p>\n<p>Halka Morne to po\u0142\u0105czenie kobiecego szyku z nutk\u0105 pazura. Dasz si\u0119 skusi\u0107? \ud83d\ude42<\/p>\n","protected":false},"featured_media":9173,"comment_status":"open","ping_status":"closed","template":"","meta":[],"product_cat":[15],"product_tag":[],"class_list":{"0":"post-9105","1":"product","2":"type-product","3":"status-publish","4":"has-post-thumbnail","6":"product_cat-halki","8":"first","9":"instock","10":"shipping-taxable","11":"purchasable","12":"product-type-variable","13":"has-default-attributes"},"_links":{"self":[{"href":"https:\/\/kalimo.eu\/index.php?rest_route=\/wp\/v2\/product\/9105","targetHints":{"allow":["GET"]}}],"collection":[{"href":"https:\/\/kalimo.eu\/index.php?rest_route=\/wp\/v2\/product"}],"about":[{"href":"https:\/\/kalimo.eu\/index.php?rest_route=\/wp\/v2\/types\/product"}],"replies":[{"embeddable":true,"href":"https:\/\/kalimo.eu\/index.php?rest_route=%2Fwp%2Fv2%2Fcomments&post=9105"}],"wp:featuredmedia":[{"embeddable":true,"href":"https:\/\/kalimo.eu\/index.php?rest_route=\/wp\/v2\/media\/9173"}],"wp:attachment":[{"href":"https:\/\/kalimo.eu\/index.php?rest_route=%2Fwp%2Fv2%2Fmedia&parent=9105"}],"wp:term":[{"taxonomy":"product_cat","embeddable":true,"href":"https:\/\/kalimo.eu\/index.php?rest_route=%2Fwp%2Fv2%2Fproduct_cat&post=9105"},{"taxonomy":"product_tag","embeddable":true,"href":"https:\/\/kalimo.eu\/index.php?rest_route=%2Fwp%2Fv2%2Fproduct_tag&post=9105"}],"curies":[{"name":"wp","href":"https:\/\/api.w.org\/{rel}","templated":true}]}}