{"id":968,"date":"2021-10-27T21:11:28","date_gmt":"2021-10-27T19:11:28","guid":{"rendered":"http:\/\/expect.home.pl\/autoinstalator\/wordpresswoocommerce?post_type=product&#038;p=968"},"modified":"2022-02-22T12:22:47","modified_gmt":"2022-02-22T11:22:47","slug":"body-zave-microfibra","status":"publish","type":"product","link":"https:\/\/kalimo.eu\/?product=body-zave-microfibra","title":{"rendered":"BODY ZAVE (microfibra)"},"content":{"rendered":"<p>G\u0142\u0119boko czarne, cho\u0107 lekko po\u0142yskuj\u0105ce body jako propozycja na bardziej luksusowe kreacje z ma\u0142ym pazurkiem seksapilu w postaci ods\u0142oni\u0119tej cz\u0119\u015bci bielizny. Body to Twoja bielizna, ale z zewn\u0105trz b\u0119dzie wygl\u0105da\u0142o jak luksusowa koszulka.<\/p>\n<p align=\"JUSTIFY\">Body jest mocno profilowane, a do tego wykonane z elastycznego materia\u0142u (mikrofibra), wi\u0119c dopasuje si\u0119 idealnie do Twojej sylwetki. Do tego, jak to w body, masz zapi\u0119cie \u2013 to nie koszulka \u2013 wi\u0119c nie ma mo\u017cliwo\u015bci, \u017ceby nie le\u017ca\u0142o idealnie na brzuszku.<\/p>\n<p align=\"JUSTIFY\">Nie m\u00f3w nikomu, \u017ce to bielizna. Czuj si\u0119 \u015bwietnie i czuj si\u0119 nieskr\u0119powana &#8211; zawojuj \u015bwiat.<\/p>\n<div>\n<p>&nbsp;<\/p>\n<p><strong>Styl:<\/strong><\/p>\n<ul>\n<li>sportowo-elegancki<\/li>\n<li>d\u0142ugo\u015b\u0107 body mierzona od ramienia: ok. 61cm<\/li>\n<li>d\u0142ugo\u015b\u0107 mierzona od pachy w d\u00f3\u0142: ok.32cm<\/li>\n<\/ul>\n<p>&nbsp;<\/p>\n<p><strong>Materia\u0142:<\/strong><\/p>\n<ul>\n<li>delikatniejsza od jedwabiu, niezwykle mi\u0119kka microfibra<\/li>\n<li>idealna dla alergik\u00f3w-nie podra\u017cnia<\/li>\n<li>lekko\u015b\u0107, przepuszczalno\u015b\u0107 powietrza<\/li>\n<li>odporno\u015b\u0107 na odkszta\u0142canie<\/li>\n<\/ul>\n<p>&nbsp;<\/p>\n<p><strong>Dodatkowe cechy produktu:<\/strong><\/p>\n<ul>\n<li>regulowane na haftki zapi\u0119cie w kroku<\/li>\n<li>bielizna pakowana w \u015bliczne, du\u017ce opakowanie (idealne na prezent)<\/li>\n<li>sk\u0142ad microfibry: 87% poliamid, 13% elastan.<\/li>\n<\/ul>\n<\/div>\n","protected":false},"excerpt":{"rendered":"<p>G\u0142\u0119boko czarne, cho\u0107 lekko po\u0142yskuj\u0105ce body jako propozycja na bardziej luksusowe kreacje z ma\u0142ym pazurkiem seksapilu w postaci ods\u0142oni\u0119tej cz\u0119\u015bci bielizny. Body to Twoja bielizna, ale z zewn\u0105trz b\u0119dzie wygl\u0105da\u0142o jak luksusowa koszulka.<\/p>\n<p align=\"JUSTIFY\">Body jest mocno profilowane, a do tego wykonane z elastycznego materia\u0142u (mikrofibra), wi\u0119c dopasuje si\u0119 idealnie do Twojej sylwetki. Do tego, jak to w body, masz zapi\u0119cie \u2013 to nie koszulka \u2013 wi\u0119c nie ma mo\u017cliwo\u015bci, \u017ceby nie le\u017ca\u0142o idealnie na brzuszku.<\/p>\n<p align=\"JUSTIFY\">Nie m\u00f3w nikomu, \u017ce to bielizna. Czuj si\u0119 \u015bwietnie i czuj si\u0119 nieskr\u0119powana &#8211; zawojuj \u015bwiat.<\/p>\n","protected":false},"featured_media":978,"comment_status":"open","ping_status":"closed","template":"","meta":[],"product_cat":[19],"product_tag":[],"class_list":{"0":"post-968","1":"product","2":"type-product","3":"status-publish","4":"has-post-thumbnail","6":"product_cat-body","8":"first","9":"instock","10":"shipping-taxable","11":"purchasable","12":"product-type-variable","13":"has-default-attributes"},"_links":{"self":[{"href":"https:\/\/kalimo.eu\/index.php?rest_route=\/wp\/v2\/product\/968","targetHints":{"allow":["GET"]}}],"collection":[{"href":"https:\/\/kalimo.eu\/index.php?rest_route=\/wp\/v2\/product"}],"about":[{"href":"https:\/\/kalimo.eu\/index.php?rest_route=\/wp\/v2\/types\/product"}],"replies":[{"embeddable":true,"href":"https:\/\/kalimo.eu\/index.php?rest_route=%2Fwp%2Fv2%2Fcomments&post=968"}],"wp:featuredmedia":[{"embeddable":true,"href":"https:\/\/kalimo.eu\/index.php?rest_route=\/wp\/v2\/media\/978"}],"wp:attachment":[{"href":"https:\/\/kalimo.eu\/index.php?rest_route=%2Fwp%2Fv2%2Fmedia&parent=968"}],"wp:term":[{"taxonomy":"product_cat","embeddable":true,"href":"https:\/\/kalimo.eu\/index.php?rest_route=%2Fwp%2Fv2%2Fproduct_cat&post=968"},{"taxonomy":"product_tag","embeddable":true,"href":"https:\/\/kalimo.eu\/index.php?rest_route=%2Fwp%2Fv2%2Fproduct_tag&post=968"}],"curies":[{"name":"wp","href":"https:\/\/api.w.org\/{rel}","templated":true}]}}