{"id":9810,"date":"2022-07-06T12:15:24","date_gmt":"2022-07-06T10:15:24","guid":{"rendered":"https:\/\/kalimo.eu\/?post_type=product&#038;p=9810"},"modified":"2022-07-06T12:22:15","modified_gmt":"2022-07-06T10:22:15","slug":"body-filla-microfibra","status":"publish","type":"product","link":"https:\/\/kalimo.eu\/?product=body-filla-microfibra","title":{"rendered":"BODY FILLA (microfibra)"},"content":{"rendered":"<p>Dla wielbicielek body o charakterze bluzki powsta\u0142 projekt Filla.<\/p>\n<p>Dekolt zosta\u0142 podkre\u015blony fantazyjnym k\u00f3\u0142eczkiem, przez kt\u00f3re przebiegaj\u0105 paski kokieteryjnie podkre\u015blaj\u0105c biust. Mi\u0119kkie miseczki doskonale podtrzymaj\u0105 nawet wi\u0119kszy biust. R\u0119kawki oraz linia dekoltu zosta\u0142a wyko\u0144czona ozdobn\u0105 gumk\u0105.<\/p>\n<p>Wykonane z niezwykle przyjemnej w noszeniu microfibry w kolorze czarnym, sprawdzi si\u0119 w codziennej jak i bardziej wymagaj\u0105cej stylizacji.<\/p>\n<p>Styl:<\/p>\n<p>elegancki, codzienny<br \/>\nd\u0142ugo\u015b\u0107 mierzona od pachy w d\u00f3\u0142: ok.35cm<br \/>\n\u00a0<\/p>\n<p>Materia\u0142:<\/p>\n<p>delikatniejsza od jedwabiu, niezwykle mi\u0119kka microfibra<br \/>\nidealna dla alergik\u00f3w-nie podra\u017cnia<br \/>\nlekko\u015b\u0107, przepuszczalno\u015b\u0107 powietrza<br \/>\nodporno\u015b\u0107 na odkszta\u0142canie<br \/>\n\u00a0<\/p>\n<p>Dodatkowe cechy produktu:<\/p>\n<p>regulowane na haftki zapi\u0119cie w kroku<br \/>\nbielizna pakowana w \u015bliczne, du\u017ce opakowanie (idealne na prezent)<br \/>\nsk\u0142ad microfibry: 87% poliamid, 13% elastan.<\/p>\n","protected":false},"excerpt":{"rendered":"<p>Dla wielbicielek body o charakterze bluzki powsta\u0142 projekt Filla.<\/p>\n<p>Dekolt zosta\u0142 podkre\u015blony fantazyjnym k\u00f3\u0142eczkiem, przez kt\u00f3re przebiegaj\u0105 paski kokieteryjnie podkre\u015blaj\u0105c biust. Mi\u0119kkie miseczki doskonale podtrzymaj\u0105 nawet wi\u0119kszy biust. R\u0119kawki oraz linia dekoltu zosta\u0142a wyko\u0144czona ozdobn\u0105 gumk\u0105.<\/p>\n<p>Wykonane z niezwykle przyjemnej w noszeniu microfibry w kolorze czarnym, sprawdzi si\u0119 w codziennej jak i bardziej wymagaj\u0105cej stylizacji.<\/p>\n","protected":false},"featured_media":9732,"comment_status":"open","ping_status":"closed","template":"","meta":[],"product_cat":[19],"product_tag":[],"class_list":{"0":"post-9810","1":"product","2":"type-product","3":"status-publish","4":"has-post-thumbnail","6":"product_cat-body","8":"first","9":"instock","10":"shipping-taxable","11":"purchasable","12":"product-type-variable","13":"has-default-attributes"},"_links":{"self":[{"href":"https:\/\/kalimo.eu\/index.php?rest_route=\/wp\/v2\/product\/9810","targetHints":{"allow":["GET"]}}],"collection":[{"href":"https:\/\/kalimo.eu\/index.php?rest_route=\/wp\/v2\/product"}],"about":[{"href":"https:\/\/kalimo.eu\/index.php?rest_route=\/wp\/v2\/types\/product"}],"replies":[{"embeddable":true,"href":"https:\/\/kalimo.eu\/index.php?rest_route=%2Fwp%2Fv2%2Fcomments&post=9810"}],"wp:featuredmedia":[{"embeddable":true,"href":"https:\/\/kalimo.eu\/index.php?rest_route=\/wp\/v2\/media\/9732"}],"wp:attachment":[{"href":"https:\/\/kalimo.eu\/index.php?rest_route=%2Fwp%2Fv2%2Fmedia&parent=9810"}],"wp:term":[{"taxonomy":"product_cat","embeddable":true,"href":"https:\/\/kalimo.eu\/index.php?rest_route=%2Fwp%2Fv2%2Fproduct_cat&post=9810"},{"taxonomy":"product_tag","embeddable":true,"href":"https:\/\/kalimo.eu\/index.php?rest_route=%2Fwp%2Fv2%2Fproduct_tag&post=9810"}],"curies":[{"name":"wp","href":"https:\/\/api.w.org\/{rel}","templated":true}]}}