{"id":993,"date":"2021-10-27T21:21:15","date_gmt":"2021-10-27T19:21:15","guid":{"rendered":"http:\/\/expect.home.pl\/autoinstalator\/wordpresswoocommerce?post_type=product&#038;p=993"},"modified":"2022-02-22T12:23:35","modified_gmt":"2022-02-22T11:23:35","slug":"body-lapin-microfibra","status":"publish","type":"product","link":"https:\/\/kalimo.eu\/?product=body-lapin-microfibra","title":{"rendered":"BODY LAPIN (microfibra)"},"content":{"rendered":"<p>Body Lapin to bielizna, w kt\u00f3rej mo\u017cesz chodzi\u0107 codziennie gdzie tylko chcesz, poniewa\u017c z zewn\u0105trz markuje bardzo dobrze dopasowan\u0105 koszulk\u0119. Jest wykonane z luksusowej mikrofibry, kt\u00f3ra mi\u0142o otula cia\u0142o i daje wspania\u0142y efekt wizualny. Delikatnie po\u0142yskuj\u0105ca b\u0119dzie wspania\u0142ym po\u0142\u0105czeniem zar\u00f3wno z jeansami jak i sk\u00f3rzanymi lub sk\u00f3ropodobnymi spodniami.<\/p>\n<p align=\"JUSTIFY\">Pami\u0119taj, \u017ce \u017cadna koszulka nie dopasuje si\u0119 do Twojej sylwetki tak jak body, wi\u0119c je\u017celi nigdy nie chodzi\u0142a\u015b w body to masz okazj\u0119 to sprawdzi\u0107.<\/p>\n<p align=\"JUSTIFY\">To body nie ma r\u0119kawk\u00f3w \u2013 ma charakter otwarty, niczym bokserka. Z ty\u0142u, u g\u00f3ry, ma natomiast delikatn\u0105 \u0142ezk\u0119 z zamkni\u0119ciem sznurowanym. Z przodu dodatkowe przeszycie na biust.<\/p>\n<p align=\"JUSTIFY\">Body Lapin oferowane jest w kolorze czarnym, \u015bwietnie pasuj\u0105cym do wielu kreacji. Masz ju\u017c na nie jaki\u015b pomys\u0142? \ud83d\ude42<\/p>\n<div>\n<p>&nbsp;<\/p>\n<p><strong>Styl:<\/strong><\/p>\n<ul>\n<li>sportowo-elegancki<\/li>\n<li>d\u0142ugo\u015b\u0107 body mierzona od ramienia: ok. 61cm<\/li>\n<li>d\u0142ugo\u015b\u0107 mierzona od pachy w d\u00f3\u0142: ok.32cm<\/li>\n<\/ul>\n<p>&nbsp;<\/p>\n<p><strong>Materia\u0142:<\/strong><\/p>\n<ul>\n<li>delikatniejsza od jedwabiu, niezwykle mi\u0119kka microfibra<\/li>\n<li>idealna dla alergik\u00f3w-nie podra\u017cnia<\/li>\n<li>lekko\u015b\u0107, przepuszczalno\u015b\u0107 powietrza<\/li>\n<li>odporno\u015b\u0107 na odkszta\u0142canie<\/li>\n<\/ul>\n<p>&nbsp;<\/p>\n<p><strong>Dodatkowe cechy produktu:<\/strong><\/p>\n<ul>\n<li>regulowane na haftki zapi\u0119cie w kroku<\/li>\n<li>bielizna pakowana w \u015bliczne, du\u017ce opakowanie (idealne na prezent)<\/li>\n<li>sk\u0142ad microfibry: 87% poliamid, 13% elastan.<\/li>\n<\/ul>\n<\/div>\n","protected":false},"excerpt":{"rendered":"<p>Body Lapin to bielizna, w kt\u00f3rej mo\u017cesz chodzi\u0107 codziennie gdzie tylko chcesz, poniewa\u017c z zewn\u0105trz markuje bardzo dobrze dopasowan\u0105 koszulk\u0119. Jest wykonane z luksusowej mikrofibry, kt\u00f3ra mi\u0142o otula cia\u0142o i daje wspania\u0142y efekt wizualny. Delikatnie po\u0142yskuj\u0105ca b\u0119dzie wspania\u0142ym po\u0142\u0105czeniem zar\u00f3wno z jeansami jak i sk\u00f3rzanymi lub sk\u00f3ropodobnymi spodniami.<\/p>\n<p align=\"JUSTIFY\">Pami\u0119taj, \u017ce \u017cadna koszulka nie dopasuje si\u0119 do Twojej sylwetki tak jak body, wi\u0119c je\u017celi nigdy nie chodzi\u0142a\u015b w body to masz okazj\u0119 to sprawdzi\u0107.<\/p>\n<p align=\"JUSTIFY\">To body nie ma r\u0119kawk\u00f3w \u2013 ma charakter otwarty, niczym bokserka. Z ty\u0142u, u g\u00f3ry, ma natomiast delikatn\u0105 \u0142ezk\u0119 z zamkni\u0119ciem sznurowanym. Z przodu dodatkowe przeszycie na biust.<\/p>\n<p align=\"JUSTIFY\">Body Lapin oferowane jest w kolorze czarnym, \u015bwietnie pasuj\u0105cym do wielu kreacji. Masz ju\u017c na nie jaki\u015b pomys\u0142? \ud83d\ude42<\/p>\n","protected":false},"featured_media":1003,"comment_status":"open","ping_status":"closed","template":"","meta":[],"product_cat":[19],"product_tag":[],"class_list":{"0":"post-993","1":"product","2":"type-product","3":"status-publish","4":"has-post-thumbnail","6":"product_cat-body","8":"first","9":"instock","10":"shipping-taxable","11":"purchasable","12":"product-type-variable","13":"has-default-attributes"},"_links":{"self":[{"href":"https:\/\/kalimo.eu\/index.php?rest_route=\/wp\/v2\/product\/993","targetHints":{"allow":["GET"]}}],"collection":[{"href":"https:\/\/kalimo.eu\/index.php?rest_route=\/wp\/v2\/product"}],"about":[{"href":"https:\/\/kalimo.eu\/index.php?rest_route=\/wp\/v2\/types\/product"}],"replies":[{"embeddable":true,"href":"https:\/\/kalimo.eu\/index.php?rest_route=%2Fwp%2Fv2%2Fcomments&post=993"}],"wp:featuredmedia":[{"embeddable":true,"href":"https:\/\/kalimo.eu\/index.php?rest_route=\/wp\/v2\/media\/1003"}],"wp:attachment":[{"href":"https:\/\/kalimo.eu\/index.php?rest_route=%2Fwp%2Fv2%2Fmedia&parent=993"}],"wp:term":[{"taxonomy":"product_cat","embeddable":true,"href":"https:\/\/kalimo.eu\/index.php?rest_route=%2Fwp%2Fv2%2Fproduct_cat&post=993"},{"taxonomy":"product_tag","embeddable":true,"href":"https:\/\/kalimo.eu\/index.php?rest_route=%2Fwp%2Fv2%2Fproduct_tag&post=993"}],"curies":[{"name":"wp","href":"https:\/\/api.w.org\/{rel}","templated":true}]}}